to base 8.
-3135635
aa20a (base 13) to base 6
10333332
What is 100100010111100011 (base 2) in base 15?
2e20d
Convert -10332000 (base 5) to base 7.
-522204
What is 33212222 (base 4) in base 12?
30ba2
Convert 41246 (base 10) to base 9.
62518
3a3a9 (base 12) to base 7
452244
110000010000011100 (base 2) to base 12
96478
What is -101222021100 (base 3) in base 7?
-1556454
Convert 265535 (base 7) to base 13.
199b8
-30314360 (base 7) to base 12
-a19298
What is -2627401 (base 11) in base 8?
-21263640
Convert 3440051 (base 7) to base 13.
120839
Convert -450501043 (base 6) to base 13.
-18c7bb1
What is -10100101010111010011 (base 2) in base 12?
-287b83
Convert -41466561 (base 7) to base 13.
-95522a
What is -56057 (base 9) in base 11?
-25a77
What is -2610868 (base 10) in base 4?
-21331122310
-10100100010110011 (base 2) to base 12
-40843
Convert -23034004 (base 5) to base 11.
-130442
What is -11023114 (base 5) in base 8?
-272261
Convert -10101111100001101101 (base 2) to base 10.
-718957
What is -11112221020 (base 3) in base 10?
-89619
What is 1450644 (base 8) in base 11?
26314a
What is 809a8 (base 13) in base 6?
4533255
Convert -3262b0 (base 14) to base 10.
-1707314
12447060 (base 8) to base 14
52257a
12040320 (base 6) to base 16
5c6b8
Convert 324 (base 14) to base 3.
211222
What is 12002212021 (base 3) in base 8?
304225
What is 4223023 (base 8) in base 2?
100010010011000010011
-448288 (base 9) to base 8
-1014342
What is -100100100110010111 (base 2) in base 15?
-2e641
Convert -3066601 (base 8) to base 4.
-3012312001
-ba5dc (base 14) to base 7
-3556265
221112020 (base 4) to base 12
82008
What is -43046640 (base 7) in base 6?
-210232143
-101001000110101011 (base 2) to base 4
-221012223
Convert 33133313130 (base 4) to base 12.
143b110
Convert -24577 (base 12) to base 6.
-1015431
Convert b59941 (base 13) to base 12.
150a673
Convert -10011001100011001 (base 2) to base 7.
-445130
Convert 153130624 (base 7) to base 3.
201022020210001
Convert 1ec424 (base 15) to base 7.
15555022
4071417 (base 8) to base 3
2000202210002
What is -853588 (base 10) in base 14?
-183108
What is 63120 (base 10) in base 2?
1111011010010000
What is 304301314 (base 5) in base 6?
42355023
Convert 3266146 (base 7) to base 9.
673857
What is -c226 (base 16) in base 13?
-19813
-1001221100002 (base 3) to base 8
-2130372
Convert -ed827e (base 15) to base 12.
-39591a8
What is 445329 (base 10) in base 14?
b8413
240785 (base 13) to base 12
354722
-626243 (base 7) to base 14
-2b423
What is 414403 (base 10) in base 6?
12514311
What is -4d339c (base 14) in base 3?
-12000010101000
Convert -34461c (base 16) to base 12.
-1192650
-ebee (base 16) to base 13
-21650
-18659 (base 12) to base 6
-432153
Convert 10315033 (base 6) to base 7.
2412066
12023210 (base 4) to base 2
110001011100100
b2a38e (base 16) to base 2
101100101010001110001110
What is -5432100 (base 6) in base 11?
-1739aa
-4511222 (base 7) to base 4
-2020012301
36520162 (base 9) to base 12
5b876b5
-441434 (base 5) to base 11
-104a9
Convert 40bc2 (base 15) to base 6.
4221445
What is -31345606 (base 7) in base 8?
-12070316
b6747 (base 12) to base 2
111010011110100111
Convert 23244123 (base 5) to base 2.
110011110110111101
Convert 554c21 (base 16) to base 6.
315451505
What is 220102100110 (base 3) in base 7?
4041234
Convert -21220202011112 (base 3) to base 7.
-50521556
-244113201 (base 5) to base 4
-10123103222
Convert 5d040b (base 16) to base 13.
1355841
Convert -433040000 (base 6) to base 12.
-26b6000
6408221 (base 11) to base 6
1041510551
What is -4152 (base 16) in base 3?
-211221100
What is -17038030 (base 9) in base 3?
-121001022001000
-770664 (base 11) to base 7
-13313605
-10035322 (base 7) to base 16
-cb470
What is 251424141 (base 6) in base 8?
22355375
Convert -3312014 (base 5) to base 11.
-39a20
Convert 540121 (base 9) to base 4.
1032200311
What is -2329c9 (base 15) in base 4?
-12122003211
Convert 1000101111100111010101100 (base 2) to base 4.
1011330322230
Convert 10242200 (base 5) to base 15.
1ac6a
What is -10100100111011100 (base 2) in base 14?
-22aba
What is -23240411 (base 5) in base 7?
-1542010
What is 1035033453 (base 6) in base 2?
101010100011100000101001
What is 20110200112220 (base 3) in base 14?
657098
What is 201332 (base 6) in base 13?
730a
-2509a8 (base 11) to base 15
-7c744
Convert -1d7742 (base 15) to base 2.
-101100000001111001010
-31231331113 (base 4) to base 12
-1255107
-2112012120 (base 3) to base 11
-343a2
84cac0 (base 13) to base 10
3112798
What is 902888 (base 11) in base 8?
5426201
What is -12011220100 (base 3) in base 4?
-120321210
What is a62049 (base 11) in base 8?
6372317
Convert -3295080 (base 10) to base 9.
-6172000
-58396c (base 13) to base 4
-13333001203
Convert 103932 (base 10) to base 11.
710a4
What is -2041620 (base 10) in base 2?
-111110010011100010100
2322440 (base 6) to base 5
12313312
-1637502 (base 11) to base 16
-2a9922
416973 (base 16) to base 8
20264563
18847011 (base 9) to base 2
100100011000101011000110
a1180 (base 12) to base 16
331b0
Convert 71c71 (base 14) to base 5.
32232412
-321310300 (base 4) to base 5
-30034343
-915 (base 10) to base 7
-2445
Convert -338160 (base 9) to base 2.
-110001100000101101
Convert -60743 (base 14) to base 2.
-111000100111110111
Convert 101200103 (base 4) to base 3.
10122100112
-55424 (base 10) to base 9
-84022
What is -161b4a (base 16) in base 12?
-59a4b6
-eb74 (base 16) to base 6
-1143020
What is -1289a (base 16) in base 7?
-434241
Convert 100011101011000101001 (base 2) to base 13.
31c0a3
What is 115205203 (base 6) in base 16?
21b703
Convert -31a67 (base 12) to base 7.
-361555
What is -186612 (base 13) in base 5?
-124121432
What is 4110306 (base 10) in base 4?
33223133202
What is -3781081 (base 9) in base 14?
-3b9112
Convert -755391 (base 16) to base 2.
-11101010101001110010001
Convert a6573 (base 12) to base 5.
23443120
Convert -170214 (base 8) to base 14.
-18628
What is 713404 (base 8) in base 3?
102221201122
-1487560 (base 9) to base 4
-3021211113
What is -1502653 (base 8) in base 7?
-3430111
What is -1004750 (base 9) in base 12?
-219709
-44231324 (base 5) to base 10
-383339
701616 (base 15) to base 4
110102322303
What is 873 (base 11) in base 10?
1048
What is 386831 (base 13) in base 16?
14b48d
Convert 2a9a7 (base 15) to base 9.
228154
55251203 (base 6) to base 7
20032620
-6051718 (base 9) to base 16
-312cec
What is -6651425 (base 10) in base 4?
-121113320201
Convert -1251243 (base 6) to base 7.
-405114
-100010011110011001 (base 2) to base 11
-97102
1227525 (base 8) to base 15
6aa32
What is 6830c (base 16) in base 5?
102124024
Convert 423345040 (base 6) to base 9.
15011556
Convert 11002211200102 (base 3) to base 11.
1260132
-663099 (base 11) to base 13
-2b08b1
Convert 329b8 (base 12) to base 2.
10000011000011100
What is -4195864 (base 10) in base 12?
-14a41b4
What is 3420043 (base 5) in base 4?
32303220
9b4647 (base 13) to base 12
1289405
Convert -110232211213 (base 4) to base 6.
-312244011
What is 2adec (base 16) in base 9?
286776
What is 458752 (base 10) in base 2?
1110000000000000000
What is -567794 (base 16) in base 13?
-12353a8
714c2b (base 14) to base 5
1434112201
Convert -1103003001 (base 4) to base 9.
-567546
What is 244805 (base 9) in base 13?
5242a
Convert 45123 (base 13) to base 9.
211043
Convert -b6cc5 (base 15) to base 3.
-1002110121212
Convert 5426246 (base 8) to base 11.
902911
-63b0565 (base 12) to base 5
-14314010133
Convert -69b95 (base 16) to base 13.
-122152
What is 100010011101010001001 (base 2) in base 11?
701342
What is 53d87 (base 14) in base 12?
9956b
What is 322333 (base 7) in base 2?
1101101100010000
-1103444100 (base 5) to base 4
-21023130012
What is 222122100010200 (base 3) in base 16?
d80b91
What is 117354 (base 8) in base 15?
c0c4
Convert 50565403 (base 8) to base 13.
229aa64
-18742a7 (base 12) to base 9
-10576741
Convert -338656 (base 13) to base 4.
-10221122233
What is -223131 (base 7) in base 8?
-115134
What is -9850b6 (base 13) in base 7?
-42303663
-695a70 (base 11) to base 3
-2002012011121
Convert 102231232 (base 4) to base 16.
12b6e
Convert -421613 (base 11) to base 3.
-1021022200122
What is -41bc0 (base 13) in base 11?
-80aa8
What is 1660 (base 16) in base 15?
1a6d
-11143354 (base 7) to base 16
-ec872
What is -4783ad (base